et b(s) = -2*s**3 + 2*s**2 + s + 1. Let l be b(k). Calculate x(l).
-7
Let h(x) = x - 4. Let m(g) = -2*g + 7. Let p(j) = -7*h(j) - 4*m(j). Give p(-6).
-6
Let b(f) = -5*f**2 + f - 5. Let r(c) = -3*c**2 - 3. Let v(d) = 4*b(d) - 7*r(d). Calculate v(-3).
-2
Let d = -6 - -8. Let j(s) = -4*s**d + 2 - 1 + s - s. What is j(1)?
-3
Suppose 0 = -3*y - 2*w, -4*y + 1 - 24 = -5*w. Let v(m) = -3*m - m + 1 + 8*m - 2*m. What is v(y)?
-3
Let u(g) = g**3 - g - 4. Let c be (1/3)/(1/9). Suppose 0 = -d + c*d. What is u(d)?
-4
Let g(c) = -2 + 2*c - 1 - 3*c - 4. Let r = 13 - 19. Give g(r).
-1
Let j be 1*(-1)/((-1 - 3) + 3). Let k(b) = 11*b + 1. What is k(j)?
12
Let z be (6/(-8))/((-27)/6). Let c(l) be the second derivative of -l - 1/12*l**4 + 0 + z*l**3 + 2*l**2. Give c(-3).
-8
Let k be 2 + -6 + (-1 - -3). Let c(o) = -2*o - 3. Let i(h) = -2*h - 4. Let s(t) = 3*c(t) - 2*i(t). Calculate s(k).
3
Let i(r) = 0*r + r - 304 - 3*r + 307 + r**2. Give i(3).
6
Let q(n) be the third derivative of -n**6/360 + n**5/24 - n**4/24 + 2*n**3/3 - 3*n**2. Let r(o) be the first derivative of q(o). Calculate r(5).
-1
Suppose 8 = -11*l + 13*l. Let h(t) = -t**2 + 3*t - 6. Calculate h(l).
-10
Suppose -2*n = 2*n - 108. Let q(v) = -4*v**2 + 6*v + 3*v**2 + n - 30. Give q(4).
5
Let h = 12 + -11. Let p(r) = -14*r**3 + 2*r**2 - 1. Calculate p(h).
-13
Let m(b) = -b**2 + 7*b - 7. Let x be -4*(-2 + (-15)/(-20)). Calculate m(x).
3
Let j(c) = c**3 + c - 3. Suppose -2*s = 3*s. Calculate j(s).
-3
Let g be 2/8 + 34/(-8). Suppose -5*h = -5*u + 20, -3*u + 0*u - 2*h + 17 = 0. Let y(b) = -3*b - u*b**2 + b**3 + 0*b**2 + 5 - 2*b**3. Give y(g).
1
Let c(x) = -2*x + 3. Let k(d) = d. Let i(m) = 4*m - 9. Let l(z) = i(z) - 3*k(z). Let n be l(11). Calculate c(n).
-1
Let b(d) = -d**3 + 11*d**2 - 10*d - 5. Let i(k) = k**2 + 3*k. Let g be i(-5). Let q be b(g). Let s(f) = -f**2 - 5*f - 1. Give s(q).
-1
Let u(o) be the first derivative of o**4/4 + 4*o**3/3 - 3*o**2 - 3*o + 1. Let i(y) = y**3 - 4*y**2 + y - 4. Let h be i(3). Let n = 5 + h. Give u(n).
2
Let v be 15*((-36)/(-15))/2. Suppose 0 = 3*j + 3 - v. Let i(w) = -1 + 4*w + 2*w - j*w + w**2. Give i(1).
1
Let m(l) = -5 + 3*l + 8 + 5*l + 7 + l**2. Give m(-7).
3
Let f(l) = -l - 6*l**2 - 2*l**2 - 2 - 5*l + 9*l**2. Calculate f(6).
-2
Let r(q) = -1 + 2*q - 3*q - 5. Let b(g) = g**3 + g**2 + 3*g + 4. Let o be b(-2). What is r(o)?
0
Let y(q) = 2*q + 2*q + 5 + 7*q. Let r(l) = -34*l - 21. Let z(f) = 51*f + 31. Let c(d) = -7*r(d) - 5*z(d). Let t(p) = -5*c(p) - 8*y(p). Calculate t(1).
-3
Suppose 0 = 92*q - 91*q. Let x(r) be the second derivative of r**3/6 + 5*r**2/2 - 2*r. Calculate x(q).
5
Let x be ((-9)/5)/(2/((-40)/6)). Let u(j) = -j**3 + 5*j**2 + 5*j + 8. Calculate u(x).
2
Suppose -v - 25 = -5*x - 8, -5*v = 5*x - 35. Let p(s) = -s + 1. Determine p(x).
-3
Let m(p) be the first derivative of -p**4/4 - 7*p**3/3 - 3*p**2 - 2*p - 1. Suppose -4*v + 6 = 30. What is m(v)?
-2
Let k(m) be the first derivative of -1/4*m**4 + 1/3*m**3 - m + 0*m**2 - 7. Give k(-2).
11
Let b be (14/(-8))/((-2)/8). Let u = b - 3. Suppose u*q = 5*q. Let o(p) = -p**3 + p**2 - 5. Give o(q).
-5
Let g(v) be the third derivative of 5*v**4/12 + v**3/2 + 3*v**2 - 7*v. Determine g(3).
33
Let x = 170 + -181. Let r(l) = l**3 + 12*l**2 + 11*l + 2. What is r(x)?
2
Let a(j) = j**3 - 5*j**2 + 3*j + 2. Let w be 12/54 - (-34)/9. Give a(w).
-2
Let x(g) be the first derivative of -g**4/4 + g**3/3 + 8. Calculate x(0).
0
Let q(h) = 3*h + 3. Let i be (-3)/6*-6 - 1. Let k(v) = -2*v**3 + 3*v**2 - 1. Let g be k(2). Let a = g + i. What is q(a)?
-6
Let l(h) = h + 3. Let s(g) = -g - 3. Let y(m) = -6*l(m) - 5*s(m). Determine y(-6).
3
Let s(f) = -f. Let c be s(-1). Let z(a) = 1 + c - 1 + a. Let b(t) = -t**2 - t + 1. Let p be b(-2). What is z(p)?
0
Let r be (-1)/(-2)*-2 - -1. Let b(o) = -1 + 5*o - 1 - 2 + r. Give b(3).
11
Let s be (-3 - -2) + -3 - 1. Let p be 4/2*(-2 - -3). Let n(t) = 0 + t**3 - t**3 - t**3 - 6*t**p - 5*t - 4. Give n(s).
-4
Suppose 3*t = 5*t - 6. Let n(s) = 7*s**2 + 2*s - 6. Let y(m) = 6*m**2 + m - 5. Let j(r) = 5*n(r) - 6*y(r). Calculate j(t).
3
Let c(n) = -n**3 - 3*n**2 + 3*n + 6. Let u(w) = -3*w + 38. Let t be u(14). Determine c(t).
10
Suppose -3*b = -b + 10. Let o = 8 + b. Let c(x) = x**2 - 5*x + 2. Give c(o).
-4
Let k(w) = 0 - 6*w**2 - 5*w - 5 - w - w**3 - w. Calculate k(-4).
-9
Let v(n) = n**2 + 7*n + 5. Let x = -166 - -162. What is v(x)?
-7
Let k = -10 + 10. Let p(j) = -6*j + 6*j + 9 - 8 - j**3. Calculate p(k).
1
Suppose 16*r + 5 = 15*r. Let b(i) = -2*i + 1. What is b(r)?
11
Suppose 12 = h + 3*h. Let r(t) = -t**3 + t**2 - t + 1. Let y(d) = d**3 + 2*d**2 - d - 5. Let g(l) = 2*r(l) + y(l). Determine g(h).
-3
Let c(z) be the first derivative of 7/2*z**2 - 7*z + 5/3*z**3 - 1/4*z**4 - 2. What is c(6)?
-1
Let p(j) = -2*j**2 - 3*j - 3. Let y(d) = d**2. Suppose 0*r = r + a - 3, 0 = -r - 3*a + 11. Let b(s) = r*p(s) - y(s). Give b(-3).
3
Let i(m) = -m + 2. Let s(l) = -3*l + 5. Let q(u) = 8*i(u) - 3*s(u). Let f(n) = -n**3 + 6*n**2 - 7*n + 6. Let c be f(4). Suppose -4*a - c = 2. Determine q(a).
-2
Suppose -3*y + 4*o = 1 - 12, 0 = 3*o + 15. Let u(c) = c**3 + 4*c**2 + 3*c + 4. Give u(y).
4
Let k(c) = -2*c + 6. Suppose -i + 20 = -5*i. Calculate k(i).
16
Let v(o) = -2*o - 2 + o**3 - 5 + o**2 + 6. What is v(-3)?
-13
Let s = 8 - 8. Let v(t) = -2*t**2 + 1 + 0*t + 1 + s*t + 2*t. Calculate v(3).
-10
Suppose 5*a = -47 - 3. Let x = 12 + a. Let r(m) = -m**3 + 2*m**2 - 2*m - 1. What is r(x)?
-5
Let k(x) = -x**2 + 5*x + 7. Let l be (4 + -2)*-1 + 16. Let g be 9/6*l/3. Give k(g).
-7
Let k = 32 - 7. Suppose 0*x = -5*x - k. Let a(g) = -2*g - 7. Give a(x).
3
Let m(j) = j**3 - 4*j**2 + 2. Let b = -2 - -17. Suppose 16*h - 11*h = b. Calculate m(h).
-7
Let p(l) = -3*l + 1. Let d(m) = -5*m**3 - m**2 + 1. Let b be d(-1). Determine p(b).
-14
Let q(r) = -r**3 - 7*r**2 + 8*r + 2. Let k be q(-8). Let p be -2 + -1*k + 2. Let c be ((-5)/p)/(1/2). Let a(y) = y**3 - 5*y**2 + y - 1. What is a(c)?
4
Let n(p) = 2*p - 3. Let g(y) = y + 1. Let z(i) = 3*g(i) - n(i). What is z(-11)?
-5
Let d(r) = 5*r**2 + 4*r - 2. Let x(a) = 11*a**2 + 8*a - 4. Let i(m) = -13*d(m) + 6*x(m). Calculate i(5).
7
Let m(q) = -13*q + 1. Let l(p) = 7*p - 1. Let z(o) = -11*l(o) - 6*m(o). Let t(w) = w + 10. Let b(c) = -3*t(c) + 5*z(c). Let i = -6 - -11. Determine b(i).
5
Let n(f) = 9 - 3 + 26*f - 23*f. Determine n(-6).
-12
Suppose 2*p + 0*p - 2 = 0. Suppose 5 = 3*u - p. Suppose b = u*b. Let i(r) = r**2 + r + 7. Give i(b).
7
Let n(g) = -5*g - 7. Let f(i) = 28*i + 42. Let b(l) = 6*f(l) + 34*n(l). Determine b(11).
-8
Suppose 4*y + d - 44 = 0, 2*y + 5*d - 55 = -3*y. Let a(g) = 10*g**2 - g - y*g**2 + 3 + 3*g. Let n be 0 - 0 - (-1 - 3). Give a(n).
-5
Let p = -16 - -9. Let q(l) = l**3 + 8*l**2 + 9*l + 1. Determine q(p).
-13
Suppose 0 = -2*m - 3*t + 4, 0*m + 12 = -2*m + t. Let z(x) = -x**3 - x**2 + x + 1. Let n(l) = -2*l**3 - 4*l**2 + 4*l + 7. Let q(v) = n(v) - z(v). What is q(m)?
10
Let m(c) be the second derivative of c**3/6 + 2*c**2 - c. Determine m(3).
7
Suppose 0 = -5*h + 4*o - 19 - 11, -3*h = -2*o + 18. Let g(a) be the first derivative of a**2/2 + 8*a + 14. What is g(h)?
2
Suppose -4*n = -0*n - 4. Let k be n - (-5 + (-1 - -3)). Let t(r) = -r**3 + 3*r**2 + 4*r + 4. Give t(k).
4
Suppose 4*p + p = 5*t - 10, 4*p + t - 17 = 0. Let z(d) = d**3 - 2*d**2 - 4*d + 1. Calculate z(p).
-2
Let m(n) = -n**3 + 8*n**2 - 8*n + 7. Let r = -4 - -11. What is m(r)?
0
Let g(d) be the first derivative of d**4/12 - 3*d**3/2 + 7*d**2/2 + 4*d - 2. Let h(u) be the first derivative of g(u). Determine h(6).
-11
Let q(p) = 4*p + 2. Let g(h) = -h - 1. Let b(d) = -5*g(d) - q(d). Determine b(-3).
0
Let s be 12/(-1)*(-5)/15. Suppose s*h = 4*c - 16, -3*c + 6 = -4*h - 8. Let t(q) = 5*q - 1. What is t(h)?
-11
Suppose 4*z - 3 = -3*f, 3*z + 5 + 9 = f. Suppose n = 0, -4*q + 3*n = -0*q. Let c(o) = -5*o - o**2 + 0*o**2 + q*o**2 - 2. What is c(z)?
4
Let j(f) be the first derivative of 1 - 1/3*f**3 + 2*f**2 + 0*f. Give j(4).
0
Suppose 3 + 6 = -3*b. Let r = 3 - b. Let j(o) = -o**2 - o - 3*o - r + 0*o. Determine j(-4).
-6
Let u(h) = 3*h**3 - 3*h**2 + 2*h - 2. Let q(c) = 10*c**3 - 10*c**2 + 6*c - 6. Let d(j) = -2*q(j) + 7*u(j). Give d(2).
6
Let q(x) = 3*x**2 + x + 2. Let h be q(-1). Let k(d) = -d**3 + 3*d**2 + 4*d + 2. Give k(h).
2
Suppose 0 